ose 0 = -n + k*n - 5. What is the highest common factor of n and 2?
1
Let j(s) = -s + 14. Let c be j(10). Suppose -6*i + 4*i + 44 = 2*z, 54 = 3*z - 3*i. Calculate the highest common divisor of z and c.
4
Suppose -4*u + 4*k + 1 = -7, -2*k = 2*u. Let n(d) = 28*d**2 - d + 1. Let g be n(u). Let v = -6 + 10. Calculate the highest common divisor of v and g.
4
Let x be (-143)/(-1) - 0/12. What is the highest common divisor of 13 and x?
13
Suppose 16*k = 15*k + 62. What is the highest common factor of k and 93?
31
Let b(a) = a**2 - 2*a - 5. Let o be b(5). Suppose -2*x = -0*x - t + 14, 4*x + 28 = -5*t. Let m = 12 + x. Calculate the highest common factor of m and o.
5
Suppose d + 2*d = 6. Suppose 76 = 3*p + 5*h, 27 = 2*p - p + d*h. What is the greatest common factor of 85 and p?
17
Let l = 123 - 110. What is the greatest common divisor of l and 117?
13
Suppose 2*m = -5*o + 24, -14 + 2 = -o - 4*m. Calculate the greatest common divisor of o and 8.
4
Suppose 4*t = -44 + 1004. Calculate the greatest common factor of t and 24.
24
Let x(a) = -2*a**2 + 4*a**2 - a**3 - 4*a**2 + 5*a**2 + 1. Let t be x(3). Calculate the greatest common factor of t and 7.
1
Let t = 0 + 0. Let r = 1 + t. Let u be 0 - r - (-11 + 5). Calculate the highest common divisor of u and 5.
5
Suppose c - 21 = 5*u, 0 = -c - 5*u - 3 - 16. Let g be 223 + -1 + c + 1. Calculate the greatest common divisor of 28 and g.
28
Let h(q) = q**2 - 10*q + 11. Let m be h(9). Let u = 1 - 0. What is the highest common divisor of m and u?
1
Let f(o) = o**2 - o + 2. Let y be f(0). Let m be (-4)/(2 - -10)*-42. Let a be y*(-1 + m/4). What is the highest common divisor of 10 and a?
5
Suppose 5*v - 125 = -3*p, -4*v - 3*p = -5*p - 100. What is the greatest common divisor of 100 and v?
25
Let q be 46 - (4 + (0 - 0)). Let k = -2 - -2. Let r(m) = m**3 - m**2 - m + 6. Let p be r(k). What is the greatest common divisor of p and q?
6
Let n = -4 + 6. Suppose n*y - 5*w = 92, 2*y + y = -4*w + 92. What is the highest common factor of 9 and y?
9
Suppose 215*g - 210*g - 190 = 0. Calculate the highest common divisor of 38 and g.
38
Let w be ((-4)/(-4) - 2)*12. Let l = 15 + w. Calculate the highest common divisor of 27 and l.
3
Suppose 0 = -5*y + 4*h - 3*h + 161, 4*y = 3*h + 131. Suppose 2*p - y = -4*s, 2*s - 4*p + 3*p = 20. Calculate the highest common factor of s and 72.
9
Suppose -p = 2*p - 135. Suppose 4*a = -s + p, s - 27 = 4*a + 2. Let d = 62 - s. Calculate the highest common divisor of d and 200.
25
Let f = 13 + -18. Let u = -2 - f. Calculate the highest common divisor of u and 6.
3
Suppose -2*f - 130 = -5*k, -k + 0*f = 3*f - 9. What is the greatest common factor of 72 and k?
24
Let q = 72 + -40. Let t = 136 + -128. What is the highest common factor of q and t?
8
Suppose -9*h + 642 + 627 = 0. What is the greatest common divisor of 47 and h?
47
Let u = 92 + -37. Suppose 5*w + 3*j = 19, -3*w + 8*j - 9 = 3*j. Suppose u = 3*y - w*y. What is the highest common divisor of y and 22?
11
Let z(y) = y**3 + 7*y**2 + 4*y. Let v be z(-3). Suppose -148 - 32 = -3*g. What is the greatest common divisor of g and v?
12
Let u be 5*(-4)/10*-1. Suppose 0 = 5*t + u*k + 10, 0 = -4*t + 5*k + 20 + 5. Suppose -4*c + 7 + 1 = t. What is the greatest common divisor of 18 and c?
2
Let z = 1 + -4. Let f(v) = v**2 + 2*v + 3. Let h be f(z). Suppose t - o = 8, 0 = 5*t + 19*o - 23*o - 35. Calculate the highest common divisor of t and h.
3
Let s be 11 - 1/((-4)/(-16)). Calculate the highest common divisor of s and 77.
7
Let c = 46 - 29. Let g = c + -8. What is the greatest common divisor of 63 and g?
9
Let q(z) = -12*z**2 + 3*z - 4. Let l(a) = -6*a**2 + a - 2. Let o(x) = -7*l(x) + 3*q(x). Let k be o(-3). What is the greatest common divisor of 75 and k?
25
Let u be (2 + -1)/((-2)/(-4)). Suppose u*l + 0*l - 56 = 0. Let g be ((-14)/8)/((-2)/8). What is the greatest common factor of g and l?
7
Let q be ((-26)/39)/((-4)/18). Let n(u) = 42*u. Let s be n(q). Calculate the highest common divisor of 18 and s.
18
Let j be (-233)/(-11) - (-22)/(-121). Let y = 4 - 1. Calculate the greatest common divisor of j and y.
3
Let p(a) = -a - 2 + 3*a**2 + 0 - a + 0. Let f be p(-2). Calculate the highest common factor of 7 and f.
7
Suppose -6*l = -2*l - 104. Calculate the greatest common divisor of 13 and l.
13
Let c be -9 - (-1 - (0 + -1)). Let w = 28 + -15. Let o = c + w. What is the highest common divisor of o and 4?
4
Suppose 2*w = -2*w - 24. Let o = w + 7. Calculate the greatest common divisor of o and 8.
1
Let m(j) = j**2 + 4*j + 6. Let c be m(-4). Let s(u) = u**3 - 6*u**2 + 8*u - 6. Let l be s(c). Let t = 17 - 11. What is the highest common factor of l and t?
6
Let z be 10*(3 - (0 - (-14)/(-4))). What is the highest common divisor of z and 26?
13
Let d(v) = v**3 + 8*v**2 - v + 4. Let h be d(-8). Suppose -288 = 2*a - 6*a. Calculate the highest common factor of h and a.
12
Suppose -2*r + 30 = -8. Calculate the greatest common factor of 152 and r.
19
Let v be (-4)/(-10) - 632/(-20). What is the highest common factor of 4 and v?
4
Let a(s) = s + 8. Let m be a(0). Let o(q) = 21*q - 1. Let g be o(1). What is the greatest common factor of g and m?
4
Suppose 3*b - 16 = j, 4*j + b = -b - 36. Let q(m) = m**2 - 2*m - 10. Let w be q(j). Calculate the greatest common factor of w and 10.
10
Suppose -5*r - 241 + 616 = 0. Calculate the highest common divisor of r and 15.
15
Let j = 38 - 26. Suppose w + 126 + 50 = f, 364 = 2*f + 2*w. Suppose 11 = -2*a + f. What is the highest common factor of j and a?
12
Let s(b) = b**2 - 11*b + 6. Let v be s(11). Let u(w) = w**2 - w - 6. Let r be u(v). What is the highest common factor of r and 264?
24
Let k(b) = 5*b + 4 + 2*b**2 + 2*b - b**3 + 0*b. Suppose 0 = 5*o - 10, -g + o = 5 + 1. Let a be k(g). What is the highest common factor of a and 8?
8
Let u(q) = -3*q + 1. Let g be u(-4). Let p = g - 9. What is the highest common divisor of 4 and p?
4
Suppose 4*x = -4*n + 44, n = 3 + 2. Let m be (6/4)/(1/2). Calculate the highest common factor of m and x.
3
Let c be 3/5 - (-147)/5. Suppose 3*g - c = g. What is the greatest common divisor of g and 15?
15
Suppose -21*a = -25*a + 68. What is the greatest common divisor of a and 51?
17
Let x be ((-20)/(-6))/(4/6). Let j = -3 + x. Suppose -j = -4*l + 2. What is the greatest common factor of l and 11?
1
Suppose x + 5*c = 55, 3*x - 121 = -4*c - 0*c. Calculate the greatest common factor of 7 and x.
7
Let g(b) = 585*b**3. Let j be g(1). Suppose -4*l + j = l. Calculate the greatest common factor of 13 and l.
13
Suppose 0 = o - 3*r - 6 + 2, -5*o + r = -20. Calculate the highest common factor of o and 2.
2
Let j(s) = s**2 - 18*s + 31. Let y be j(17). Let m be -1 - -56 - (-1)/1. Calculate the highest common factor of m and y.
14
Let b be 1*2 - (-114 + 40). Calculate the greatest common factor of b and 19.
19
Suppose 0*k + 4 = -k. Let t be (-42)/k*(-4)/(-3). Calculate the highest common factor of 7 and t.
7
Let m be (2/(-3))/1*3. Let d be -2 + (-2 - (m - 36)). What is the highest common factor of 17 and d?
17
Let k(u) = 5*u + 2*u + 9*u**2 - 2*u - 4*u. Let i be k(1). What is the greatest common factor of i and 80?
10
Suppose 674 = 5*d + 3*r - 2*r, -4*d + 543 = -3*r. Calculate the greatest common factor of d and 15.
15
Let y be (-22)/(-4) + (-1)/(-2). Let f(t) = 43*t**2 - t. Let d be f(1). Calculate the highest common divisor of d and y.
6
Let l(t) = -t**3 - 1 + 2 + 3 - 4*t**2 + t. Let u be l(-6). Let n = -7 + 14. What is the highest common divisor of u and n?
7
Suppose -3*x - 4*d = -28 + 6, 6 = -x + 2*d. Suppose 4 = 3*f - 2. Suppose -f - 1 = -b. Calculate the greatest common factor of x and b.
1
Suppose 0*h + 2*h = 60. Let g = h + -9. What is the greatest common divisor of 14 and g?
7
Let h be -4*(375/(-2))/5. Suppose 4*x + 3 - 19 = 0. Suppose -h = -x*m + m. What is the greatest common factor of 10 and m?
10
Suppose 0 = -5*g - d - 5, 4*g - 4*d + 14 = 7*g. Let y be 47 + (2 - g/(-2)). What is the highest common divisor of y and 72?
24
Suppose 2 - 58 = 4*u. Suppose -3*n = 2*n + 3*m - 164, 121 = 4*n - m. Let b = u + n. Calculate the highest common factor of b and 153.
17
Suppose 0 = 3*o - 32 - 49. What is the greatest common factor of o and 9?
9
Let h be (55/(-15))/((-3)/9). Let q(a) = a**2 - 202. Let f be q(0). Let r = f +